f 7808327?
7
What is the tens digit of 70322?
2
What is the tens digit of 101348?
4
What is the hundreds digit of 18357328?
3
What is the ten thousands digit of 21176?
2
What is the hundreds digit of 2982386?
3
What is the tens digit of 21969737?
3
What is the hundreds digit of 1135265?
2
What is the hundreds digit of 980322?
3
What is the tens digit of 9996?
9
What is the units digit of 333028?
8
What is the ten thousands digit of 2217494?
1
What is the units digit of 1650811?
1
What is the tens digit of 188250?
5
What is the millions digit of 5112656?
5
What is the thousands digit of 49858?
9
What is the ten thousands digit of 7410650?
1
What is the hundreds digit of 725321?
3
What is the tens digit of 12812?
1
What is the ten thousands digit of 1343185?
4
What is the hundred thousands digit of 7450520?
4
What is the hundreds digit of 799380?
3
What is the hundreds digit of 1102433?
4
What is the hundreds digit of 646075?
0
What is the thousands digit of 181826?
1
What is the hundreds digit of 4323148?
1
What is the ten thousands digit of 20669045?
6
What is the millions digit of 4950632?
4
What is the millions digit of 15536574?
5
What is the hundred thousands digit of 458296?
4
What is the hundred thousands digit of 360461?
3
What is the tens digit of 483381?
8
What is the hundred thousands digit of 287397?
2
What is the hundreds digit of 8449884?
8
What is the hundreds digit of 1808095?
0
What is the tens digit of 2775468?
6
What is the hundreds digit of 12073881?
8
What is the tens digit of 359640?
4
What is the tens digit of 15328292?
9
What is the ten thousands digit of 150759?
5
What is the hundred thousands digit of 202510?
2
What is the hundred thousands digit of 377592?
3
What is the ten thousands digit of 85332?
8
What is the millions digit of 3804477?
3
What is the tens digit of 121660?
6
What is the hundreds digit of 40033?
0
What is the units digit of 56624?
4
What is the thousands digit of 19238292?
8
What is the hundred thousands digit of 8401125?
4
What is the hundreds digit of 3125244?
2
What is the hundreds digit of 603037?
0
What is the hundreds digit of 144241?
2
What is the hundreds digit of 242095?
0
What is the thousands digit of 210829?
0
What is the units digit of 857741?
1
What is the millions digit of 1034734?
1
What is the hundred thousands digit of 391827?
3
What is the millions digit of 9597568?
9
What is the hundred thousands digit of 1521208?
5
What is the ten thousands digit of 1803446?
0
What is the ten thousands digit of 9887417?
8
What is the tens digit of 2263211?
1
What is the tens digit of 317413?
1
What is the hundreds digit of 21989365?
3
What is the thousands digit of 4294457?
4
What is the units digit of 967995?
5
What is the units digit of 406708?
8
What is the thousands digit of 3029013?
9
What is the ten thousands digit of 1481982?
8
What is the ten thousands digit of 393578?
9
What is the thousands digit of 7682254?
2
What is the tens digit of 642386?
8
What is the units digit of 215066?
6
What is the ten thousands digit of 1252791?
5
What is the millions digit of 2926449?
2
What is the ten thousands digit of 24209584?
0
What is the tens digit of 4670043?
4
What is the tens digit of 15340458?
5
What is the hundred thousands digit of 1533706?
5
What is the hundred thousands digit of 821254?
8
What is the ten thousands digit of 456101?
5
What is the thousands digit of 60381?
0
What is the ten thousands digit of 372586?
7
What is the thousands digit of 3881344?
1
What is the hundred thousands digit of 614864?
6
What is the units digit of 23776584?
4
What is the units digit of 32920495?
5
What is the tens digit of 65290?
9
What is the hundred thousands digit of 1595268?
5
What is the thousands digit of 261317?
1
What is the ten thousands digit of 290169?
9
What is the tens digit of 11130047?
4
What is the hundreds digit of 3578854?
8
What is the thousands digit of 4109050?
9
What is the units digit of 143161?
1
What is the ten thousands digit of 659018?
5
What is the hundreds digit of 38135602?
6
What is the units digit of 5934966?
6
What is the thousands digit of 8202247?
2
What is the hundreds digit of 17595965?
9
What is the thousands digit of 5099414?
9
What is the tens digit of 1773684?
8
What is the units digit of 33739198?
8
What is the ten thousands digit of 112833?
1
What is the hundred thousands digit of 343577?
3
What is the units digit of 754157?
7
What is the ten thousands digit of 8486275?
8
What is the hundreds digit of 2232795?
7
What is the units digit of 575471?
1
What is the hundred thousands digit of 2365178?
3
What is the tens digit of 624984?
8
What is the thousands digit of 26461158?
1
What is the units digit of 14829163?
3
What is the units digit of 34230?
0
What is the ten thousands digit of 601211?
0
What is the ten thousands digit of 1140155?
4
What is the units digit of 247039?
9
What is the hundred thousands digit of 12479751?
4
What is the tens digit of 4372756?
5
What is the hundred thousands digit of 728655?
7
What is the tens digit of 799864?
6
What is the thousands digit of 5061267?
1
What is the hundred thousands digit of 1419245?
4
What is the ten thousands digit of 732708?
3
What is the units digit of 2517948?
8
What is the thousands digit of 198770?
8
What is the hundreds digit of 7131919?
9
What is the ten thousands digit of 294357?
9
What is the units digit of 9273?
3
What is the thousands digit of 60727?
0
What is the hundreds digit of 43413901?
9
What is the ten thousands digit of 366515?
6
What is the hundred thousands digit of 1052202?
0
What is the tens digit of 245216?
1
What is the hundred thousands digit of 761016?
7
What is the tens digit of 1781797?
9
What is the hundred thousands digit of 877276?
8
What is the tens digit of 3966?
6
What is the thousands digit of 93137?
3
What is the units digit of 186592?
2
What is the hundred thousands digit of 402776?
4
What is the tens digit of 6043762?
6
What is the tens digit of 2098580?
8
What is the hundred thousands digit of 1206752?
2
What is the hundred thousands digit of 369531?
3
What is the thousands digit of 4023485?
3
What is the ten thousands digit of 5805703?
0
What is the hundreds digit of 16257003?
0
What is the units digit of 456474?
4
What is the thousands digit of 5220357?
0
What is the tens digit of 118248?
4
What is the tens digit of 1075182?
8
What is the ten thousands digit of 93668?
9
What is the hundred thousands digit of 408683?
4
What is the hundred thousands digit of 4946957?
9
What is the hundred thousands digit of 206905?
2
What is the tens digit of 777490?
9
What is the millions digit of 1559220?
1
What is the ten thousands digit of 7495817?
9
What is the millions digit of 27072282?
7
What is the millions digit of 9635697?
9
What is the hundred thousands digit of 1126295?
1
What is the hundred thousands digit of 382085?
3
What is the ten thousands digit of 670966?
7
What is the ten thousands digit of 48296?
4
What is the ten thousands digit of 318299?
1
What is the thousands digit of 2931573?
1
What is the units digit of 3867245?
5
What is the tens digit of 881633?
3
What is the hundreds digit of 71467?
4
What is the hundred thousands digit of 8004889?
0
What is the hundred thousands digit of 8958254?
9
What is the ten thousands digit of 416497?
1
What is the units digit of 778174?
4
What is the thousands digit of 20554?
0
What is the hundreds digit of 7227332?
3
What is the tens digit of 3188051?
5
What is the hundred thousands digit of 645479?
6
What is the hundred thousands digit of 2261753?
2
What is the units digit of 3426264?
4
What is the hundred thousands digit of 709515?
7
What is the thousands digit of 5631523?
1
What is the tens digit of 21068482?
8
What is the hundred thousands digit of 348368?
3
What is the hundred thousands digit of 3499552?
4
What is the hundred thousands digit of 6102908?
1
What is the tens digit of 817314?
1
What is the hundreds digit of 264683?
6
What is the units digit of 2723446?
6
What is the ten thousands digit of 57388?
5
What is the hundreds digit of 14154669?
6
What is the ten thousands digit of 321597?
2
What is the tens digit of 1320072?
7
What is the millions digit of 7648395?
7
What is the hundred thousands digit of 115519?
1
What 